t common factor of v and 36?
12
Suppose -43*q = -408 - 1699. Suppose 3*b = 4*g - 0 - 288, 5*b - q = -g. Calculate the greatest common factor of 12 and g.
3
Suppose 5*i = 10, 0 = -w + 4*i - 8 + 4. Suppose 2*n + 4*u = 68, -u = 2*n + w*u - 67. Calculate the highest common factor of 252 and n.
36
Let f = -18238 - -18746. What is the greatest common factor of f and 4?
4
Let m(k) = -9*k + 628. Let g be m(44). Calculate the highest common factor of g and 4.
4
Let y(z) = -z**2 - 38*z + 132. Let r be y(-29). Calculate the highest common factor of 3 and r.
3
Let g(v) = 160*v - 1480. Let z be g(10). What is the highest common divisor of z and 5064?
24
Let n be (-44)/(-5) + 2/10. Suppose 3*v = 7*v - z + 112, -4*v = 4*z + 112. Let t = v + 73. What is the highest common divisor of n and t?
9
Suppose -116*b + 113*b + 253 = u, -83 = -b - u. Calculate the greatest common factor of b and 10.
5
Let z(m) be the first derivative of 4*m**2 - 24*m - 5. Let s be z(8). Let n(u) = -39*u - 17. Let t be n(-3). Calculate the highest common divisor of t and s.
20
Let r(p) = 9*p**2 + 5*p + 4. Let i be r(-2). Let x = -77 - -81. Suppose v = -2*m - m + 51, x*v + 4*m = 228. What is the greatest common factor of v and i?
30
Suppose -11*k + 1115 = 807. Let z = 13 + -7. Let c be (28/z)/((-2)/(-42)). Calculate the greatest common divisor of k and c.
14
Suppose 38*f + 4*d - 1050 = 33*f, 5*f = -3*d + 1050. What is the greatest common factor of 462 and f?
42
Let h be 16*82/3*180/120. Calculate the greatest common divisor of h and 738.
82
Let h(u) = 18*u - 40. Let z be h(10). Suppose -x + c = -16 - 18, -3*x = 3*c - 108. Calculate the highest common factor of z and x.
35
Let h be (0 + (0 - 1) - -5) + -1. Suppose 5 = -h*c + 2, 80 = 3*b + c. What is the greatest common divisor of b and 243?
27
Suppose 11*q - 340 = 6*q. Suppose -6*o + 2*o = h - q, 4*o = -4*h + 260. Let w = -729 + 777. Calculate the highest common factor of h and w.
16
Suppose 98 = 5*g + 128*y - 125*y, -2*y - 30 = -g. What is the greatest common factor of g and 2024?
22
Let j be 1 + -4 + 8 + -1. Suppose -4*o - j = -24. Suppose 163 - 718 = -o*n. What is the highest common factor of 74 and n?
37
Let p(g) = 11*g**3 + g**2 + 4*g - 8. Suppose 4*s = 5*l + 33, s + 3*l + 5 = -4*s. Let t be p(s). Calculate the greatest common factor of 138 and t.
46
Let f be (-220 - 18)/((-21)/138). Let v(t) = -22*t**3 + t**2 - t - 1. Let l be v(-1). Calculate the highest common factor of f and l.
23
Let o(y) = y**3 + 9*y**2 + 8*y - 15. Suppose -48 = -42*v + 50*v. Let b be o(v). Calculate the highest common factor of b and 18.
9
Let k(h) = -2*h**2 - 44*h - 5. Suppose 101 + 179 = -14*y. Let n be k(y). What is the highest common factor of 120 and n?
15
Let t = 53 - 26. Suppose -3*i + 4*i = t. Calculate the highest common factor of 18 and i.
9
Let w be (16/20)/((-52)/(-10)) - (-1780)/260. Suppose -2*h = -3*h + 21. Calculate the highest common factor of h and w.
7
Let n(f) = -f**3 + 7*f**2 - 5*f - 5. Suppose -15 - 5 = -4*q. Let b be n(q). Suppose b = 49*l - 44*l. What is the greatest common factor of 6 and l?
2
Let x = -546 - -1404. Suppose -160*g - 13127 = -1816*g + 96169. What is the highest common divisor of x and g?
66
Suppose -s - k + 2 = 0, 22*s + 14 = 27*s + 3*k. Suppose 80 + s = 6*a. Calculate the highest common factor of a and 91.
7
Suppose -3*g = 5*x - 43, -3*g = 4*x - 8*x + 56. Suppose -5298 + 17420 = x*o. Calculate the greatest common divisor of o and 58.
58
Suppose -3*b - 3*q = -q - 28, 53 = 5*b - 3*q. Let y be 46/5 - 2/b. Suppose 22*f - 735 = 255. Calculate the highest common divisor of f and y.
9
Suppose 2 = u - 4*z, 5*u - 4*z + 6 = -0. Let m be (-13)/(-4) + u/8. Suppose 39 = 2*r + 27. What is the highest common factor of m and r?
3
Let f(r) = -3*r. Let p be f(-1). Suppose 6*b - 123 = -p. What is the greatest common divisor of 5 and b?
5
Let z(k) = -k**2 - 19*k - 25. Let h be (-14)/(-6) - (-3)/(-9). Suppose 26 = -2*q - h. Let g be z(q). What is the highest common factor of 36 and g?
9
Let r = 15841 - 13261. Calculate the greatest common divisor of r and 340.
20
Let f(k) = -1744*k - 3216. Let v be f(-3). Calculate the greatest common divisor of 176 and v.
16
Let o be (3183 + 3)*3/2. Calculate the greatest common factor of 59 and o.
59
Suppose 2*y + 12*a - 28 = 16*a, -5*y + a + 61 = 0. What is the greatest common factor of 68 and y?
4
Let o be (-14880)/64*(-55)/(-3)*48/(-60). What is the greatest common factor of 220 and o?
110
Let o be 6/((-12)/(-2)) - -2*13. Suppose n + o = -14. Let z = n + 66. Calculate the greatest common divisor of 5 and z.
5
Let k = 92 - 87. Let s be 76/10 + (-161)/35 + k. Suppose -10*f = -s*f - 220. What is the greatest common divisor of f and 10?
10
Let j = -2924 - -4976. Let k be j/5 + (4/(-10) - 0). Calculate the highest common divisor of k and 41.
41
Suppose -84*n + 23*n + 14152 = 0. Calculate the highest common divisor of 667 and n.
29
Let m(v) = 7*v - 2. Let g be m(-3). Let r = 27 + g. Suppose r*q - 34 - 26 = 0. What is the highest common factor of q and 165?
15
Let p = 569 + 260. Let u = p + -759. Calculate the highest common divisor of u and 224.
14
Suppose -8 = -p + 2*p. Let r be 7 + p/(5 + -9). What is the greatest common factor of 171 and r?
9
Let z(y) = y**2 + 19*y - 38. Let a be z(-21). Suppose -5*u = 3*g - 660, 0 = a*g - 4*u - 897 - 15. What is the highest common divisor of 45 and g?
45
Suppose -97*m + 2860 = -2471 - 6600. What is the greatest common factor of m and 25953?
123
Let g = -3219 + 3426. Calculate the highest common divisor of 414 and g.
207
Let z(s) = -6*s + 34. Let w be z(5). Let v be (-6)/(-24) - (-123)/w. Let f be (4/(-2))/(v/(-217)). What is the highest common factor of f and 2?
2
Suppose -p - 6 = -2*q + 18, 0 = -3*p. Suppose 586*k - 31080 = 446*k. What is the greatest common divisor of k and q?
6
Let r(y) = -11*y - 16. Let q be r(-4). Suppose 3*t = t + q. Suppose 17*p - 78 = t*p. Calculate the greatest common factor of 91 and p.
13
Let p = 4 + 7. Let j be 10/5*(-61)/2. Let w = j - -149. What is the greatest common divisor of p and w?
11
Suppose d + 4*g - 29 = 2*g, -4*d + g + 89 = 0. Suppose -20*x - 54 = -d*x. What is the highest common factor of x and 144?
18
Let a(z) = 207*z - 612. Let i be a(3). Calculate the highest common divisor of i and 3789.
9
Let n(z) = 5*z**2 + 20*z + 85. Suppose -86*u + 90*u = -32. Let b be n(u). What is the highest common factor of b and 196?
49
Let o(x) be the first derivative of 11*x**2/2 - 52*x - 2. Let i = -16 + 22. Let m be o(i). What is the highest common factor of m and 140?
14
Let r be (-17)/(102/288)*((-4)/(-12) - 5). Suppose 0 = 4*o - 0*o - 112. What is the greatest common divisor of o and r?
28
Suppose -2*n + 5*n = 297. Let q = 70 - n. Let g = q - -34. What is the highest common divisor of 45 and g?
5
Let k(i) = i**2 - 6*i + 5. Let n be k(4). Let t be 2 + n*4/(-2). Calculate the highest common divisor of t and 88.
8
Let l = -210 + 815. Calculate the greatest common divisor of 1331 and l.
121
Let v be 24/24 - 12/2. Let d be (v/(-2))/(50/600). Let f be (-3)/((-3)/(1*210)). What is the highest common factor of f and d?
30
Suppose -f + 2*s = -12, -3*f = -2*s + 4*s - 36. Suppose 0 = 2*v - 972 + 982, -5*x + 180 = -4*v. What is the greatest common divisor of f and x?
4
Let k = 321 + -315. Let m(g) = 10*g - 58. Let f be m(k). Calculate the greatest common factor of f and 50.
2
Let a = 125 + -116. Let y be (a + -125)/(-4) - (-2 + -2). What is the highest common divisor of y and 77?
11
Let u(o) be the first derivative of o**2/2 - 14. Let j be u(11). Suppose -t + j = -13. Calculate the greatest common factor of 72 and t.
24
Let p = 4322 - 4294. What is the greatest common factor of p and 322?
14
Let m(r) = -40*r**3 + 8*r**2 + 34*r + 26. Let k be m(-1). What is the greatest common factor of 7100 and k?
20
Let g be 16/(-10)*(-2300)/80. What is the highest common divisor of 184 and g?
46
Suppose -5*w = 8*i - 4*i + 3, 0 = -5*w - 3*i - 1. Let l = 6 - 14. Let o(d) = -d**2 - 9*d + 7. Let u be o(l). What is the greatest common divisor of u and w?
1
Let g = 19 + -3. Suppose 12*i + 8 = g*i. Suppose -c + 34 = 12. Calculate the highest common divisor of c and i.
2
Suppose 16*l - 2*h + 21516 = 20*l, -3*h - 10742 = -2*l. Calculate the greatest common factor of l and 1